) = d**2 - 2*d + 9*d + i*d**2 + 8. What is the remainder when 14 is divided by b(-7)?
6
Let f(o) = -o**2 + 5*o + 9. What is the remainder when 16 is divided by f(5)?
7
Let c = 7 - 2. Suppose -90 - 86 = -4*z - 4*t, c*z - 175 = 4*t. Calculate the remainder when z is divided by 8.
7
Let k(t) = 4*t**3 - 2*t**2 + 2. Let m be k(2). Suppose -p + 0*p + m = 0. What is the remainder when p is divided by (-45)/(-10)*(-2)/(-1)?
8
Let o(d) = d**3 + 9*d**2 + 9*d + 8. Let r be o(-8). Calculate the remainder when 4/(-4) - (-28 + r) is divided by 7.
6
Suppose 3*t + 9 = 4*v - 18, -3*v = 4*t + 11. Let x = 7 + v. What is the remainder when 39 is divided by x?
9
Let y(l) be the third derivative of -l**4/24 + l**3/3 - 3*l**2. What is the remainder when 6 is divided by y(-2)?
2
Let p = 1 + -1. Suppose p*g = -3*g + 156. Suppose -l = -3*l + g. What is the remainder when l is divided by 9?
8
Suppose 5 = 4*g - s, 5*g + 2*s + s = 19. What is the remainder when 42 is divided by 12/8 - (-19)/g?
9
Suppose -6*v + 5*v + 69 = 0. Calculate the remainder when v is divided by 9.
6
Suppose 16 = -4*d + 20. Suppose -10 = 3*a - a, 0 = -5*l - 2*a. Suppose -5*o = -3*o - l. Calculate the remainder when o is divided by d.
0
What is the remainder when 13 is divided by 5 - (3/(-1) - -2)?
1
Suppose -3*v = -3 - 3. Let j be -1 - (-2 + 6)/v. What is the remainder when 37 is divided by 2 - 24/(j/1)?
7
Let o(y) = y + 9. Let u be o(-5). Suppose -u*c + 336 - 24 = 0. Suppose -c = -4*h + 14. Calculate the remainder when h is divided by 12.
11
Let d = 17 + -2. Calculate the remainder when d is divided by 4.
3
What is the remainder when (-1778)/(-8) + 4/(-16) is divided by 15?
12
What is the remainder when 18 + (3 + 0 - (-9 + 15)) is divided by 4?
3
Let p be (60/(-8))/((-2)/(-4)). Let l = 46 - 25. Calculate the remainder when (-32)/6*p/2 is divided by l.
19
Calculate the remainder when 27 is divided by ((-1)/3)/(16/(-336)).
6
Let g(b) = 53*b - 9. What is the remainder when g(3) is divided by 38?
36
Let v = -57 - -67. What is the remainder when ((-6)/4)/(1/(-26)) is divided by v?
9
Let t(z) = z**2 + 9*z + 1. Let i be t(-9). Calculate the remainder when 43 is divided by i + (1 + 2 - -19).
20
Let u = 14 - -3. Let w(y) = -3*y**3 + y**2 - y. Let g be w(1). What is the remainder when u is divided by 3 - (-2 + g) - 2?
5
Let s(h) = h**2 + 7*h - 6. Let g(d) = d**2 + 8*d - 5. Let y(j) = 5*g(j) - 6*s(j). What is the remainder when y(0) is divided by 3?
2
Suppose 2*w + 3*y = -0*y - 1, w + 2*y = -2. Suppose -c + 3*c = -2*z + 176, 0 = w*z + 2*c - 362. Let h = -64 + z. What is the remainder when h is divided by 10?
9
Let y(o) = o**3 - o**2 + o + 4. Let n be y(0). Suppose n = 2*s - 4. Suppose -48 = -4*b + s*x, 0*b - 8 = b + 4*x. Calculate the remainder when b is divided by 5.
3
Suppose 3*o - 5 = q - 21, -64 = -4*q - 3*o. What is the remainder when 29 is divided by q?
13
Let y(o) = -o**2 - 9*o - 10. Let h be y(-7). Suppose -4*q + 49 = -3*f, -29 = -h*q + 5*f + 26. What is the remainder when 29 is divided by q?
9
Let z(n) = -n**3 - 5*n**2 - 2*n - 1. Let y be z(-5). Suppose -3*s + 4 + y = a, 0 = -3*s - 2*a + 8. What is the remainder when 9 is divided by s?
3
Let j = -3 + 40. Suppose 4*h = -3*z - 29, 3*h = -z - 18 + 5. Let w(p) = -p + 6. What is the remainder when j is divided by w(z)?
11
Calculate the remainder when 0 - (-126 - -6)*(-1)/(-2) is divided by 17.
9
Suppose n = 2*n. Suppose 2*x + n*k = k + 54, 2*x = -5*k + 42. What is the remainder when x is divided by 14?
12
Let c(s) = s**3 + s**2. Let h be c(0). Suppose h*o - 5*o + 30 = 0. Calculate the remainder when 22 is divided by o.
4
Suppose 0 = -2*u + 59 + 11. Calculate the remainder when 67 is divided by u.
32
Suppose 5 = 3*h - 4. Let u(a) = -a**3 - 31*a**2 - 30*a + 15. What is the remainder when u(-30) is divided by h?
0
Suppose g - 21 - 37 = 0. Calculate the remainder when g is divided by 24.
10
Let g(p) = p**2 + 12*p + 15. Let q(m) = m + 8. Let v be q(-6). Let h = v + 9. Calculate the remainder when h is divided by g(-11).
3
Let a(i) = -i**2 + i + 24. Let u be a(0). Suppose -76 = -4*d + u. What is the remainder when d is divided by 2/6 + 76/6?
12
Let x be 3/6*-2*-5. Let p(u) = u**3 - 3*u**2 - 6*u + 3. What is the remainder when 89 is divided by p(x)?
20
Let i(d) = 4*d**2 + 10*d + 7. Let x be i(-6). Let s = x + -62. What is the remainder when s is divided by 8?
5
Let n = 36 + -23. Let i = -15 + 40. Calculate the remainder when i is divided by n.
12
Let i = 69 - 55. What is the remainder when 79 is divided by i?
9
Let x(g) = 18*g + 2. Let y be x(2). Suppose -34 - y = -2*d. Calculate the remainder when d is divided by 19.
17
Suppose 5*q = -2*y + 335, -2*y - 655 = -6*y + 5*q. What is the remainder when y is divided by 28?
25
Let x = 2 + 20. Calculate the remainder when 85 is divided by x.
19
Suppose 2*c - 5*j = 216, 0 = -7*c + 2*c + 2*j + 498. What is the remainder when c is divided by 34?
30
Suppose 3*q = 194 - 20. Let x = q - 117. Let t = x - -94. Calculate the remainder when t is divided by 18.
17
Suppose -5*j = -31 - 84. Calculate the remainder when (40/15)/(2/51) is divided by j.
22
Let k be (-2)/4 - 584/(-16). Suppose 5*o = 4*c + k + 80, -5*c = 20. Suppose -5*v = -3*v - 14. What is the remainder when o is divided by v?
6
Calculate the remainder when 62 is divided by -45*(-20)/42 + 12/(-28).
20
Suppose -2*k - 3*y = k - 33, -4*k - 5*y = -45. Suppose -i - 4*f + 53 = 0, 142 + 54 = 5*i - 3*f. Let g = -22 + i. Calculate the remainder when g is divided by k.
9
Let a = -2 - -4. Suppose -4*p - 9 = 4*t + p, -5*t + a*p + 30 = 0. Let k(r) = 2*r - 7. Calculate the remainder when k(7) is divided by t.
3
Let o(i) = 2*i - 14. Let a be o(8). Suppose a*k - 168 = -2*k. What is the remainder when k is divided by 15?
12
Suppose -5*x + 276 = x. Suppose 5*a - 8 = -p + 42, 4*p + 3*a = 234. Suppose 3*n + 2*n - p = 0. Calculate the remainder when x is divided by n.
10
Let v(q) = 8*q + 4. Let y(w) = -3*w - 1. Let p(r) = -4*v(r) - 11*y(r). Let c be p(8). Suppose 2*k + 18 = c*k. Calculate the remainder when 53 is divided by k.
17
Suppose -2*c + 6*c + 14 = 3*b, 0 = -2*b - c + 13. Suppose -n = -3 - 0. What is the remainder when (n - 4)*17*-1 is divided by b?
5
Suppose -7*f + 18*f - 121 = 0. Let l = 11 + -5. Calculate the remainder when f is divided by l.
5
Let u(j) = -5*j**3 + 5*j + 5. What is the remainder when u(-2) is divided by 18?
17
Let k(h) = 9 - 4 + 5*h**2 - 7. Let x be k(-2). Let f = 12 + x. What is the remainder when f is divided by 11?
8
Suppose 56 = -l + 60. What is the remainder when 74 is divided by l?
2
Let q be 594/8 - (-2)/(-8). Let t = q - 47. What is the remainder when t is divided by 15?
12
Let t(z) = z + 9. Let q be t(0). What is the remainder when 14/(-8)*(q - 41) is divided by 95/20*(-2 - -6)?
18
Let f be (-1)/((10/(-6))/5). Suppose -f*o = -1 - 5. What is the remainder when 4 is divided by o?
0
Let f = -1 - -6. What is the remainder when f is divided by 3?
2
What is the remainder when 1*(-5 + 2) + 45 is divided by 22?
20
Let f = 2 + -3. Let s be (372/(-2))/(-3) - f. Suppose -s - 47 = -5*o. What is the remainder when o is divided by 8?
6
Let y = 64 + -50. What is the remainder when 52 is divided by y?
10
Suppose 0 = 2*g - 5*v - 39, 0*g + 4*g = 2*v + 38. Suppose -u = -30 - 8. Suppose p - 3*p + u = 0. What is the remainder when p is divided by g?
5
Let o(l) = -l**3 + 3*l**2 + 5*l - 4. Let b be o(4). Let a(n) = n + 9. Let t = 33 + -17. Calculate the remainder when t is divided by a(b).
7
Let b(z) = -10*z + 2. Let j(h) = -59*h + 13. Let a(g) = 34*b(g) - 6*j(g). What is the remainder when a(4) is divided by 24?
22
Let x(f) = -3*f + 1. Calculate the remainder when 10 is divided by x(-2).
3
Suppose 0 = 2*d - h + 6*h - 33, -h = -1. Suppose s = 12*s - 297. Calculate the remainder when s is divided by d.
13
Suppose 293 = -5*p - 132. Let h = p - -124. Calculate the remainder when h is divided by 21.
18
Suppose -m + 16 = 2*d, -d = -4*m + 3*m + 13. Suppose 5*r + 5*t - 30 = 3*r, -5*r = t - 121. Calculate the remainder when r is divided by m.
11
Let v(b) = b**3 - b**2 + 3. Let c = -7 + 14. Calculate the remainder when c is divided by v(0).
1
Suppose 7 = 2*s + 21. Calculate the remainder when 2/9 - s/9 is divided by 2/(-6) - 4/(-3).
0
Suppose -3*l - l + h = 3, 0 = -5*l + 3*h - 2. 